 = 1448 - 824. What are the prime factors of r?
2, 3, 13
Let d = -159 + 561. What are the prime factors of d?
2, 3, 67
Let k(n) = -4*n**3 - 13*n**2 - 16*n - 13. What are the prime factors of k(-10)?
3, 13, 73
Let b = 3 + -1. Let p(f) = 2*f + 68. Let a be p(-29). Let d = b + a. List the prime factors of d.
2, 3
Let n(c) = c**2 - 9*c + 15. Let x be n(8). What are the prime factors of 93/(x/6 + (-1)/6)?
3, 31
Let p = -13 + 21. Suppose 2*g = 5*g - 4*g. Suppose g = s - p. What are the prime factors of s?
2
Suppose 0 = 3*r - 4*g + 28, -r + 8 = g + 2*g. List the prime factors of (-471*2/(-6) + r)/1.
3, 17
List the prime factors of (-10 - 780)*(-3)/6.
5, 79
Let d be (-1)/(4/8) + 4. Suppose 3*y + 2*n = 52, -d*y - 10 + 51 = -5*n. Suppose 4*q = 98 - y. List the prime factors of q.
2, 5
Let z(k) = 8*k - 3*k - 19 + 16*k. What are the prime factors of z(6)?
107
Let p(t) = -2*t**2 + 13*t - 8. Suppose -2*l + 4*z = 3*l - 36, 10 = l + 2*z. Let r be p(l). What are the prime factors of 1/(4/r)*-4?
2
Suppose -29*r + 54032 = -7*r. What are the prime factors of r?
2, 307
Let i be 58/3 + (-8)/6. What are the prime factors of (-4)/i - (-944)/36?
2, 13
List the prime factors of -16*(78/(-24) + 6/8).
2, 5
Suppose 5*h + i + 738 - 1824 = 0, -2*i + 646 = 3*h. List the prime factors of h.
2, 109
Let r be (-184)/(-56) - ((-5)/7 - -1). List the prime factors of r*1/(-1) + 251.
2, 31
What are the prime factors of 6 - ((-115)/10)/(9/972)?
2, 3, 13
Let w = 43 - 71. Let h be (-1*1)/((-4)/w). List the prime factors of h/2*36/(-21).
2, 3
Suppose -2*u = -f - 2*f + 11, -f = 4*u - 13. Let a = 23 + f. What are the prime factors of a?
2, 7
Let x(z) = z**3 - 8*z**2 + 10*z - 3. Let q be x(6). Let u be 4/(-2) - -1*17. List the prime factors of (-12)/u + (-612)/q.
2, 5
Suppose 13*z = 3197 + 11636. List the prime factors of z.
7, 163
Let y be (-1)/(-4) - (-21)/12. Let o(m) = -2 + 60*m - 62*m + m**3 + 2*m**y + 0*m**2 - 5*m**2. What are the prime factors of o(4)?
2, 3
List the prime factors of (-5 + (-13816)/(-12))/(2/6).
19, 181
Let b be (245/25)/(3 - 42/15). Let s = b - 12. List the prime factors of s.
37
Let p be (-4)/6*1*-66. List the prime factors of 110/p*208/10.
2, 13
Let l = -27 - -33. Suppose -f - 2*f + 30 = 0. Suppose -f = -b - l. What are the prime factors of b?
2
Let j(l) = l**2 + 8*l + 52. List the prime factors of j(25).
877
Let h(d) be the first derivative of 2*d**3/3 - d**2 + 9*d - 37. What are the prime factors of h(-8)?
3, 17
Let k(v) = 9 - 14*v + 35*v - 20*v. Let d = 54 - 57. List the prime factors of k(d).
2, 3
What are the prime factors of (1 + -2)/1*(-110271)/177?
7, 89
Suppose -2*u - 3*a = -0*u + 311, 5*a + 309 = -2*u. What are the prime factors of (4 + -9)/5*u?
157
Suppose -3*f = f - 212. Let c = f - 36. List the prime factors of c.
17
Let c = -267 + 432. Let m = -111 + c. What are the prime factors of m?
2, 3
Let w(c) = -19*c - 186. Let p be w(-10). Suppose -v + 4 = v. Suppose -p*g + 62 = -v*h, 28 = g + 3*h - h. List the prime factors of g.
2, 3
Suppose 0 = 2*f + 3*p - 89, 33*p - 48 = -f + 28*p. Let z = 2 + -5. Let n = f + z. What are the prime factors of n?
2, 5
Let w = 164 - 161. Suppose k - 4 = -1. Suppose f - k*z = 62, 1 = -z + w. List the prime factors of f.
2, 17
Let c(l) be the second derivative of 1/6*l**3 + l**2 + 6*l + 0. What are the prime factors of c(3)?
5
Let m(v) = 12*v + 17. Let d be m(9). Let s(w) = w**3 - 2*w**2 - 4. Let n be s(3). Suppose -x + d = 3*l + 39, 110 = n*l - 5*x. List the prime factors of l.
3
Suppose -4*z + 8 + 4 = 0, g - 3*z - 28 = 0. Let p = g + -14. What are the prime factors of p?
23
Let u = 19137 - 13477. What are the prime factors of u?
2, 5, 283
Let r(c) = 151*c**3 - 4*c**2 + 7*c - 20. What are the prime factors of r(3)?
2, 43, 47
Suppose -3*c + 3 = -3*h, -2*c - c + 5 = -h. Let n = 54 + -48. Suppose v + n = c*v. List the prime factors of v.
2, 3
Suppose -5*q = -5*k - 8960, -5*q + 8948 = -k - 0*k. What are the prime factors of q?
1789
Suppose 0 = 12*k + 425 - 161. Suppose -2*j - 38 = -3*u, -3*u - 5*j = u - 43. Let a = u - k. List the prime factors of a.
2, 17
Let z(d) = -157*d - 250. List the prime factors of z(-24).
2, 1759
Let t(v) = v**2 - 4*v - 1. Let h be (5/2)/(2/4). Let z be t(h). Suppose z*f + 0*f = 212. What are the prime factors of f?
53
Let k(c) = 66*c - 215. List the prime factors of k(19).
1039
Let u(m) = -m**3 + 7*m**2 + 6*m - 4. Let o be (-25)/10*(-1)/(3/6). List the prime factors of u(o).
2, 19
Suppose -5*a = -574 - 1551. What are the prime factors of a?
5, 17
List the prime factors of (2 - (-362)/(-4))/((-33)/726).
3, 11, 59
Let v(j) = j**3 + 6*j**2 + 2*j + 11. Let n be v(-6). List the prime factors of (n/(-2))/((-2)/(-108)).
3
Let h(b) = 13*b**2 + 101 + 5*b - 96 + 2*b**2. What are the prime factors of h(-2)?
5, 11
Let n be (-1 - 2/10)*(-520)/39. Suppose -u = -3*l - 71 + n, -2*l = 4*u - 164. List the prime factors of u.
43
Let l(s) = 2*s + 1280. Let c be l(0). Suppose -6*o = -16*o + c. What are the prime factors of o?
2
Let y(j) = 1025*j**2 + 2*j + 3. What are the prime factors of y(-1)?
2, 3, 19
Let h be (2241/(-166))/(6/(-8)). Let g = 16 - 4. Let m = h + g. What are the prime factors of m?
2, 3, 5
What are the prime factors of -34*(-582)/(16 + -10)?
2, 17, 97
Suppose -3*r - 2*i = -269, -174 = -2*r - 0*i - 4*i. Suppose 3*w = -4*w + r. What are the prime factors of w?
13
Let c(z) be the first derivative of z**4/2 + 2*z**3/3 - z**2/2 + 8. Let i be c(2). Suppose i - 177 = -5*x. What are the prime factors of x?
31
Let s(a) = 8*a + 4. Let x = -11 + 6. Let g be s(x). Let q = -6 - g. List the prime factors of q.
2, 3, 5
Let g(s) = -s**2 + 36*s - 24. What are the prime factors of g(24)?
2, 3, 11
Let u = -1594 + 274. What are the prime factors of u/(-105) + (-6)/(-14)?
13
Suppose 562 + 353 = 3*k. List the prime factors of k.
5, 61
Let o(j) = j + 137*j**2 + 4 - 4*j + 0 - 3. What are the prime factors of o(1)?
3, 5
Let x be 17 + (28/8)/7*-2. Let m = 97 - x. What are the prime factors of m?
3
Suppose s - 2*i - 156 = 0, 2*s + 4*i = 391 - 103. Let b = s - 140. What are the prime factors of b?
2, 5
Let z(f) = -f**3 - 2*f**2 + f + 57. Let n be 0*(-4 - (-21)/6). What are the prime factors of z(n)?
3, 19
Let r(n) = 5*n + 27. Let u(i) = i**2 - 23*i + 68. Let b be u(20). List the prime factors of r(b).
67
Let y be (-13)/((-52)/336) + 2. List the prime factors of y + (2 - 3 - -1).
2, 43
Suppose 5*t + 259 = -4*i, -2 = 5*t - 7. Let x = i + 114. List the prime factors of x.
2, 3
Suppose 0*k - 60 = -4*k. Suppose -10*s + k*s = 25. Suppose 2*i + 3*p + 9 = s*i, 3*i - p - 15 = 0. List the prime factors of i.
2, 3
Let i = -1214 - -2030. List the prime factors of i.
2, 3, 17
Suppose -3*c + 74 = 4*r - c, -c - 3 = 0. Suppose -5 = 3*u - 5*b + 40, 35 = -2*u + 5*b. Let i = r + u. List the prime factors of i.
2, 5
What are the prime factors of 5500/66*11/(55/114)?
2, 5, 19
Let r = 12 - 8. Suppose -5*s - 4*p = -43, -2*p + 11 = -3*s + r*s. List the prime factors of (s - 9)*(-5)/2.
5
Let s = -355 - -687. What are the prime factors of s?
2, 83
Suppose -2*y - 24 = -0*y. Let p = 14 + y. Let i = p + 13. List the prime factors of i.
3, 5
Let r = -1164 + 1701. What are the prime factors of r?
3, 179
Suppose 0 = -4*u, -m = 2*m + 2*u. Suppose m*a - 6 = -a. Suppose -3*n - a = -4*n. What are the prime factors of n?
2, 3
Suppose -5*q + 6 = -4. Suppose q*h - 6*h - 2*r = -20, -4*r + 22 = 5*h. List the prime factors of 64/6 - 4/h.
2, 5
Suppose -2076 = -63*d + 51*d. List the prime factors of d.
173
Let z be 1/(3/(-12))*3/(-3). Suppose z*v + 4 = 0, -610 = -5*f + 2*f - 2*v. List the prime factors of f.
2, 3, 17
Suppose 0 = 15*i + 18*i - 18117. List the prime factors of i.
3, 61
Let m be (144/(-27))/(4/(-6)). Suppose 0 = -5*g, -3*x + 5*g = -m - 7. Suppose 147 = 3*d - x*n, 2*d + 2*d = n + 196. What are the prime factors of d?
7
Suppose -4*r = -4*w - 1665 - 3087, 2*w = r - 1183. What are the prime factors of r?
1193
Let c be (-3 + 5 - (2 - 1))*3. Suppose c*k + 857 = 4*a, 3*a - 640 = -4*k + 9*k. List the prime factors of a.
5, 43
Suppose n + 2*p = 82, -135 = -3*n + 3*p + 102. Suppose -3*m + 56 = 2*a, 4*a - 2*m = -0*m + n. Let o = -3 + a. List the prime factors of o.
19
Let u be (-12)/42 + 4/14. Suppose 0 = 2*m - u*w + 3*w + 12, -4*m - 2*w - 8 = 0. Suppose 3*a = r, -r + 